millions digit of 15014824?
1
What is the hundreds digit of 230472?
4
What is the units digit of 860349?
9
What is the millions digit of 4842575?
4
What is the ten thousands digit of 6496136?
9
What is the tens digit of 381574?
7
What is the thousands digit of 136985?
6
What is the units digit of 25717090?
0
What is the hundreds digit of 5766460?
4
What is the millions digit of 5255359?
5
What is the thousands digit of 189467?
9
What is the ten thousands digit of 409811?
0
What is the tens digit of 166947?
4
What is the thousands digit of 460293?
0
What is the millions digit of 2905742?
2
What is the hundred thousands digit of 5830283?
8
What is the hundreds digit of 22222211?
2
What is the tens digit of 2154355?
5
What is the hundreds digit of 776617?
6
What is the units digit of 174917?
7
What is the ten thousands digit of 608775?
0
What is the tens digit of 6798227?
2
What is the tens digit of 102906?
0
What is the ten thousands digit of 6516367?
1
What is the tens digit of 189481?
8
What is the millions digit of 4046516?
4
What is the hundred thousands digit of 123867?
1
What is the units digit of 6669361?
1
What is the ten thousands digit of 1475634?
7
What is the hundreds digit of 2768340?
3
What is the hundred thousands digit of 19761095?
7
What is the millions digit of 15527069?
5
What is the hundred thousands digit of 3334840?
3
What is the millions digit of 4345989?
4
What is the hundreds digit of 187074?
0
What is the tens digit of 244236?
3
What is the units digit of 220935?
5
What is the units digit of 1535265?
5
What is the ten thousands digit of 9153954?
5
What is the tens digit of 18610190?
9
What is the hundreds digit of 22411502?
5
What is the hundreds digit of 60033?
0
What is the units digit of 1437672?
2
What is the hundreds digit of 652315?
3
What is the thousands digit of 2003595?
3
What is the hundreds digit of 648575?
5
What is the hundreds digit of 165408?
4
What is the thousands digit of 791747?
1
What is the ten thousands digit of 193265?
9
What is the ten thousands digit of 881588?
8
What is the hundred thousands digit of 2674219?
6
What is the thousands digit of 1456147?
6
What is the units digit of 1713016?
6
What is the millions digit of 4396798?
4
What is the hundreds digit of 2258304?
3
What is the ten thousands digit of 4494810?
9
What is the hundred thousands digit of 8888446?
8
What is the tens digit of 362732?
3
What is the tens digit of 193972?
7
What is the hundred thousands digit of 121353?
1
What is the tens digit of 3014613?
1
What is the hundred thousands digit of 2296161?
2
What is the hundreds digit of 3501163?
1
What is the units digit of 358080?
0
What is the tens digit of 1929606?
0
What is the hundreds digit of 9406191?
1
What is the hundred thousands digit of 220222?
2
What is the ten thousands digit of 112059?
1
What is the hundreds digit of 9101209?
2
What is the hundred thousands digit of 11818968?
8
What is the tens digit of 154511?
1
What is the ten thousands digit of 22047625?
4
What is the thousands digit of 126398?
6
What is the tens digit of 1589089?
8
What is the millions digit of 1506652?
1
What is the hundred thousands digit of 882597?
8
What is the ten thousands digit of 184715?
8
What is the thousands digit of 64306?
4
What is the units digit of 769971?
1
What is the hundred thousands digit of 579402?
5
What is the units digit of 451264?
4
What is the hundreds digit of 18376772?
7
What is the units digit of 7657298?
8
What is the tens digit of 16230312?
1
What is the thousands digit of 247246?
7
What is the hundreds digit of 52521?
5
What is the hundred thousands digit of 9765552?
7
What is the hundred thousands digit of 1398266?
3
What is the thousands digit of 359577?
9
What is the units digit of 1927355?
5
What is the hundreds digit of 39794?
7
What is the thousands digit of 330145?
0
What is the hundred thousands digit of 2050397?
0
What is the tens digit of 1263471?
7
What is the hundred thousands digit of 133457?
1
What is the thousands digit of 1205737?
5
What is the thousands digit of 122177?
2
What is the hundred thousands digit of 1132899?
1
What is the ten thousands digit of 6166785?
6
What is the units digit of 409356?
6
What is the tens digit of 79007?
0
What is the tens digit of 6658720?
2
What is the ten thousands digit of 94874?
9
What is the millions digit of 8982819?
8
What is the ten thousands digit of 2414182?
1
What is the hundred thousands digit of 370450?
3
What is the units digit of 14626811?
1
What is the thousands digit of 12543123?
3
What is the hundred thousands digit of 537406?
5
What is the hundred thousands digit of 15886106?
8
What is the tens digit of 304577?
7
What is the units digit of 217622?
2
What is the hundreds digit of 1324848?
8
What is the tens digit of 582888?
8
What is the ten thousands digit of 598186?
9
What is the tens digit of 398428?
2
What is the ten thousands digit of 1684186?
8
What is the units digit of 707738?
8
What is the ten thousands digit of 2747204?
4
What is the ten thousands digit of 23931843?
3
What is the hundred thousands digit of 265295?
2
What is the hundred thousands digit of 897351?
8
What is the units digit of 245684?
4
What is the thousands digit of 3774573?
4
What is the thousands digit of 3750060?
0
What is the hundreds digit of 7621397?
3
What is the hundred thousands digit of 3450534?
4
What is the ten thousands digit of 6045453?
4
What is the hundred thousands digit of 405154?
4
What is the thousands digit of 1734366?
4
What is the ten thousands digit of 3564485?
6
What is the ten thousands digit of 2943136?
4
What is the tens digit of 287771?
7
What is the units digit of 787?
7
What is the tens digit of 1168370?
7
What is the thousands digit of 24186425?
6
What is the hundreds digit of 803187?
1
What is the ten thousands digit of 17308311?
0
What is the thousands digit of 9930624?
0
What is the tens digit of 97139?
3
What is the tens digit of 5101617?
1
What is the tens digit of 3641372?
7
What is the hundreds digit of 15318417?
4
What is the thousands digit of 415006?
5
What is the thousands digit of 13806140?
6
What is the units digit of 1519302?
2
What is the units digit of 26235880?
0
What is the hundreds digit of 1279933?
9
What is the hundreds digit of 8132206?
2
What is the units digit of 361675?
5
What is the tens digit of 89435?
3
What is the units digit of 436624?
4
What is the hundred thousands digit of 3742020?
7
What is the tens digit of 923307?
0
What is the ten thousands digit of 3090596?
9
What is the thousands digit of 1320897?
0
What is the hundreds digit of 1158776?
7
What is the thousands digit of 2074575?
4
What is the tens digit of 5378985?
8
What is the hundred thousands digit of 887694?
8
What is the hundreds digit of 14502261?
2
What is the thousands digit of 76043?
6
What is the ten thousands digit of 5215768?
1
What is the units digit of 127540?
0
What is the ten thousands digit of 396268?
9
What is the millions digit of 11083430?
1
What is the thousands digit of 227643?
7
What is the ten thousands digit of 164196?
6
What is the thousands digit of 1755?
1
What is the hundreds digit of 440288?
2
What is the thousands digit of 3313552?
3
What is the thousands digit of 280586?
0
What is the hundreds digit of 5078301?
3
What is the hundred thousands digit of 302514?
3
What is the hundred thousands digit of 798744?
7
What is the units digit of 2288304?
4
What is the hundreds digit of 520341?
3
What is the thousands digit of 145342?
5
What is the hundred thousands digit of 283876?
2
What is the ten thousands digit of 68522?
6
What is the thousands digit of 2121256?
1
What is the tens digit of 291752?
5
What is the thousands digit of 146590?
6
What is the thousands digit of 108612?
8
What is the ten thousands digit of 1384762?
8
What is the units digit of 596482?
2
What is the thousands digit of 6213657?
3
What is the units digit of 6244935?
5
What is the hundred thousands digit of 1778681?
7
What is the ten thousands digit of 9009251?
0
What is the ten thousands digit of 26104?
2
What is the ten thousands digit of 90447?
9
What is the thousands digit of 898485?
8
What is the ten thousands digit of 2873518?
7
What is the tens digit of 6480637?
3
What is the ten thousands digit o